Determine r(t).
-2
Let c(f) = 16*f - 151. Let x(l) = 25*l - 236. Let s(q) = 8*c(q) - 5*x(q). Determine s(9).
-1
Let l(t) = 36*t - 7. Let k(j) = -13*j + 4. Let s(d) = 10*k(d) + 6*l(d). Determine s(1).
84
Let s(o) be the third derivative of -4*o**2 + 1/6*o**3 - 1/60*o**5 + 1/6*o**4 + 0*o + 1. What is s(4)?
1
Let n(x) = x**2 + 38*x + 40. Let a be (-1 - (-3)/2)/(86/(-6364)). What is n(a)?
3
Let g(n) = n**3 + 7*n**2 + 5*n + 2. Let a be (63/6)/((-3)/(-4)). Let t be (2/5)/(a/210). Suppose -t*h - 27 = 9. Give g(h).
8
Suppose -10*j + 34 = -8*j. Let q(a) = -j - 8 - 17 + 30 + 2*a. Calculate q(8).
4
Let k(g) = 2*g**3 - 3*g**2 + g - 2. Let z(a) = a. Let t(l) = -l + 8. Let d(x) = -t(x) - 2*z(x). Let v be d(-10). Calculate k(v).
4
Let o(m) = -m - 9. Let d be o(-5). Let s(v) be the first derivative of -v**4/4 - 2*v**3 - 5*v**2/2 - 3*v - 116. What is s(d)?
-15
Let y(c) = 27*c**2 - c**3 + 0 + 15*c - 27*c**2 - 2 - 14*c. Let h be 1/5 - (-6)/(-7 + -23). Give y(h).
-2
Let n(a) = 6*a**2 - 5*a - 18 + 61*a**3 - 244*a**3 + 186*a**3. Give n(-3).
-30
Let x(p) be the second derivative of 3*p**4/2 - 2*p**3/3 + 2*p**2 + 3*p - 28. Calculate x(1).
18
Let k(w) = w**3 - w**2 + 2*w - 5. Let b be k(2). Let z be b + (-4)/(-20)*0. Let c(v) = -3 - v - z + 7. Give c(3).
-2
Let k be 26/(8*((-9)/(-12) - 1)). Let b(g) = g**2 + 16*g + 34. Give b(k).
-5
Let s = 381 - 373. Suppose 54 = -s*f - 26. Let z(k) = -2*k - 8. What is z(f)?
12
Suppose 104*t = 105*t - 4*u + 34, 2*u = 4*t + 52. Let k(f) = f**3 + 12*f**2 + 26*f + 16. Calculate k(t).
-44
Let n(k) = 3 - 86*k + 180*k + 3 - 93*k. Determine n(-3).
3
Let c(n) = -n**2 - 4. Let t = 260 - 609. Let p = t - -349. Give c(p).
-4
Suppose -3*j = 3*y + 27, -13 = 3*j + 2*y + 10. Suppose 2*l - 2 - 2 = 0. Let h(f) = -5*f - f**l + 1 - 2 + 3. What is h(j)?
2
Let h be (1 - 49) + 0/(-7). Let b = h - -57. Suppose -13*o + 20 = -b*o. Let w(p) = p**2 - 6*p + 6. Give w(o).
1
Let g(i) = 3*i**2 - 1. Suppose 2*q = 3*t + 4 - 6, -3*t = 2*q - 10. Suppose q*k = -3 - 11. Let h(u) = 5*u + 36. Let o be h(k). Give g(o).
2
Let c(b) = b**2 - 15*b - 6. Let k = 3017 + -3000. What is c(k)?
28
Let r(t) be the first derivative of -3*t**2/2 - 5*t + 1. Let o(n) = 29*n**2 - n + 4. Let w be o(-2). Let p = w - 126. Determine r(p).
7
Let r(f) = f**2 - 11*f + 4. Let k be -3 - 148/(-52) - (-185)/(-65). Let o(z) = -z**2 + 10*z - 5. Let j(l) = k*r(l) - 4*o(l). Calculate j(6).
2
Let l = 0 - -9. Let h(u) = -6*u**2 + 5 + 2 - u + 5*u**2 + 8*u + u. Give h(l).
-2
Let g(o) = o - 6. Let q be g(6). Let k(b) be the first derivative of -b**3/3 + b**2/2 - 9*b - 475. Give k(q).
-9
Suppose 5*m + 3*a - 26 - 53 = 0, -2*m + 38 = -2*a. Suppose 0 = 6*c + m + 1. Let h(s) be the second derivative of -s**3/6 - s**2 - 2*s. Determine h(c).
1
Let b(i) = i**3 - 1954194 + 3*i + 1954154 - i - 16*i**2. Give b(16).
-8
Let q(x) = 6*x**2 + 2 - 2*x**2 - 25 + 22 - 3*x**2 - 24*x. What is q(22)?
-45
Let k(s) be the first derivative of 1/3*s**3 - 121 - 5/2*s**2 + 2*s. Give k(3).
-4
Let m(j) = -32044 + 64083 - 32025 + j. Give m(-5).
9
Let c(i) = i**3 - 7*i**2 - 9*i + 11. Let m(u) = -u**3 + 9*u**2 - 10*u - 26. Let l be m(7). Suppose 3*j - 36 = -3*v, -16 = -3*v + l*j - 0*j. What is c(v)?
3
Suppose 9*d = -4 + 4. Suppose d = -2*h + 224 - 236. Let z(y) be the third derivative of y**4/24 + y**3/2 - y**2. Calculate z(h).
-3
Let t(g) = 0 - 15*g**2 + 14*g**2 - 6*g + 4. Let x(n) = -n**3 - 17*n**2 + 375*n - 456. Let d be x(-30). What is t(d)?
4
Let r(o) = o**3 - 6*o**2 + 4*o - 15. Let z = -2732 - -2738. What is r(z)?
9
Suppose -33 - 91 = 12*x - 184. Let o(y) = 3*y**2 - 2 - 7*y - 4*y**2 + 3*y**2. Calculate o(x).
13
Let y(d) = -2*d**2 + 10*d - 4. Let i be (6/9)/((-3)/(-828) - 0). Suppose 33 = 31*p - i. Calculate y(p).
-32
Let u(a) be the first derivative of 25*a + 6 - 1/12*a**4 + 2*a**2 - 1/3*a**3. Let y(x) be the first derivative of u(x). Calculate y(-4).
-4
Let b = 165 + -170. Let s(p) = -30*p + 4. Let t(z) = 1. Let l(v) = -s(v) + 5*t(v). Let q(k) = 74*k + 2. Let w(r) = b*q(r) + 12*l(r). Determine w(-2).
22
Let x = -148 - -190. Let o be (-180)/(-225) + (x/(-5))/(-2). Let w(g) be the third derivative of -g**6/120 + g**5/10 - 5*g**4/24 + 7*g**3/6 - g**2. Give w(o).
7
Suppose -15 = -2*s + g, -2*g - g + 54 = 5*s. Suppose s*w - 18 = -0*w. Let l(p) = -p**2 + 3*p**2 + 0*p**2 + w*p**2. Calculate l(1).
4
Let o(v) be the first derivative of 17*v**2/2 + 266*v - 4319. Give o(-16).
-6
Let i(o) = -o**2 - 5*o. Let j be (-31)/11 - (-10)/(-55). Let m be (1/2)/((-1)/(17 + j)). Determine i(m).
-14
Suppose 14*h + 364 = 674 - 366. Let j(p) = 2*p**2 + 3*p - 8. Determine j(h).
12
Let o = -40 + 43. Let h = -30 + 31. Let i(z) = 1 - 2*z - h + o*z. What is i(1)?
1
Let j(i) = 8*i**2 - 48*i - 8. Suppose -5*c - 13 + 22 = 3*y, 0 = c + 4*y + 22. Calculate j(c).
-8
Let v(n) = -n + 14136*n**2 + 4 - 28155*n**2 + 14022*n**2. Suppose 4*s - 3 - 9 = 0. Give v(s).
28
Let s be 10 - (125/100 - 23/(-4)). Let r(m) = -4*m**2 - 2*m + 11. What is r(s)?
-31
Let m = 383 - 377. Let d(k) = 3*k - 20. Determine d(m).
-2
Let b(s) be the first derivative of -2*s**3/3 - 2*s**2 - 11*s - 2358. Calculate b(0).
-11
Let n be ((-363)/(-3))/(3/15*5). Suppose 127*g = n*g - 12. Let d(w) be the third derivative of -w**5/60 + w**4/12 + w**3/3 - 9*w**2. Give d(g).
-6
Let u(t) = t + 5. Let b(k) = -k**3 - k**2 - k + 34. Let j be b(0). Suppose s + 82 + j = 5*h, -4*s = -3*h + 56. Let v = h - 24. What is u(v)?
5
Let h be (-2 + 6)/((-4)/(-2)). Suppose 110 = 2*c + 2*c - 5*w, -2*c = -h*w - 54. Let n = c + -19. Let s(y) = y**3 - 7*y**2 + 7*y + 2. What is s(n)?
8
Let s(o) = 2*o**2 + 11*o - 9. Suppose 5 = -3*a - 13. Let h be s(a). Let r(b) = -b**2 + b - 3. What is r(h)?
-15
Let h(y) be the third derivative of y**6/240 - 7*y**5/30 + 5*y**4/24 - y**3/2 - 63*y**2. Let m(c) be the second derivative of h(c). Calculate m(9).
-1
Let j(m) be the second derivative of m**4/12 + 5*m**3/6 - 4*m**2 - 1766*m - 2. Determine j(-5).
-8
Let q(c) = c**2 + 12*c + 36. Let m be q(-10). Let w(k) = 19*k + m*k + 15*k - 54*k + 5. Determine w(4).
-11
Let p(t) = -93 - 8*t**2 + 298 - 91 - 2*t - 105. Calculate p(3).
-69
Let s(w) = 0 + 117*w - 1 + 65*w - 176*w. Let r be (-38)/(-10) - 40/50. What is s(r)?
17
Let q = -407 + 408. Let l be 4/(-4)*(q + 2/(-2)). Let z(h) = 0*h + 2 - h - 16. Calculate z(l).
-14
Let r(g) be the second derivative of g**4/6 + 11*g**3/6 - 5*g**2/2 + g - 182. Give r(-5).
-10
Let y(p) be the first derivative of -9*p**2/2 - 3*p + 79. Let f(q) = -18*q - 7. Let w(j) = 3*f(j) - 5*y(j). What is w(5)?
-51
Let w be (-20)/5*((-275)/(-20) + -5). Let c be w/14*(39/(-15) + 1). Let f(s) = s**3 - 4*s**2 + 6*s - 5. What is f(c)?
19
Let u(j) = 45 - 4*j + 4*j + 2*j + 14*j + 42. What is u(-5)?
7
Let t(a) be the second derivative of 1/12*a**4 - 3*a + 4 + a**2 - 1/3*a**3 + 1/20*a**5. Give t(-3).
-10
Let a = -729 + 728. Let d(t) be the first derivative of -t**2/2 - 2. Let w(l) = -7*l - 3. Let g(f) = a*w(f) + 6*d(f). Determine g(-3).
0
Let p(t) = -15*t - 461. Let k be p(-31). Let w(h) = h**3 - 3*h**2 - 7*h + 8. What is w(k)?
-4
Let h(i) = -i**2 + 23*i - 118. Let l be h(15). Let r(a) = -56 - 6*a + 18*a - l*a**2 + 82. Determine r(8).
-6
Let n be (1 - 1)*((-10)/(-2) - 6). Let g(x) = x**2 - 11*x + 10. Let y(j) = j**2 - 9*j + 7. Let c(a) = 4*g(a) - 5*y(a). Determine c(n).
5
Let v be (-24)/54*(-36)/8. Let u(k) = -8*k**3 + k**2 + 9*k - 11. Determine u(v).
-53
Suppose 2*n - 184 = -0*b - 4*b, -3*n - 2*b + 256 = 0. Let h(v) = -v**2 + v - n - 93 + 276 - 90 - v**3. Give h(0).
11
Let y(k) = 17*k - k**2 - k**3 - 9*k**2 + 20 + 11*k**2 - 7*k**2. What is y(-8)?
12
Let d be ((0 - 3) + 4)*(-294)/(-14). Let z(o) = 3*o + 6. What is z(d)?
69
Let c = -626 - -626. Suppose 3*q + 13 - 1 = c. Let u(p) = p**2 + 3*p - 1. Determine u(q).
3
Let s(g) = g**2 + 151*g - 64*g + 26 - 2*g**2 - 95*g. Determine s(-12).
-22
Let z(b) = b**3 + 8*b**2 + 8*b + 1. Let a be 5/((-25)/(-6)) - 48/240 - 7. Determine z(a).
25
Let a(d) = -6*d**3 - 13*d**2 - 31*d - 3. Let x(b) = -b**3 - 4*b**2 - 9*b. Let s(g) = -a(g) + 4*x(g). What is s(3)?
15
Suppose -g - 21 = 3*u, 5*u + g - 1473 + 1504 = 0. Let o(s) = -s**3 - 7*s**2 - 7*s - 8. Give o(u).
-23
Suppose 0 = p - 5*w + 12, 2*w = 5*p + 4 + 10. Let a(v) = 3*v**3 - 2*v + 4. What is a(p)?
-16
Let u(q) = q**3 + 4*q**2 - 26*q - 15. Suppose 0 = 57*k + 342